on factor of 2759 and 98611.
31
What is the highest common divisor of 78221250 and 41250?
3750
What is the highest common factor of 1978 and 1367787?
989
What is the greatest common divisor of 14416 and 275298?
34
What is the greatest common factor of 30210 and 94834225?
5035
What is the greatest common factor of 1785 and 2799237?
357
What is the highest common divisor of 82970 and 1795?
5
Calculate the greatest common factor of 2733667 and 335.
67
What is the highest common factor of 108945 and 2866464?
2421
Calculate the highest common factor of 160 and 7735720.
40
What is the greatest common factor of 112864 and 48?
16
What is the greatest common factor of 652135 and 110?
55
What is the highest common divisor of 840 and 435190?
70
Calculate the greatest common factor of 366 and 10155890.
122
What is the highest common divisor of 21826427 and 16849?
581
Calculate the greatest common factor of 229088 and 15.
1
Calculate the highest common factor of 12467 and 2443.
7
Calculate the highest common factor of 436674 and 8547.
777
Calculate the highest common divisor of 1026 and 59469183.
171
Calculate the greatest common factor of 701883 and 224.
7
What is the highest common factor of 2262708 and 59532?
492
Calculate the greatest common divisor of 957229 and 130624.
2041
What is the greatest common divisor of 2137767 and 334?
167
Calculate the greatest common factor of 33803517 and 42196.
1507
Calculate the greatest common factor of 17696 and 131397.
7
What is the highest common factor of 3459549 and 6?
3
What is the highest common factor of 1866656 and 2816?
352
Calculate the greatest common factor of 34845 and 745545.
345
Calculate the greatest common divisor of 13072902 and 11886.
1698
What is the greatest common factor of 42613 and 2143533?
991
What is the greatest common divisor of 201 and 33744751?
67
Calculate the highest common divisor of 11934260 and 33319.
3029
Calculate the greatest common factor of 1283944 and 2344.
8
What is the greatest common divisor of 99471162 and 1407?
21
Calculate the greatest common divisor of 6508115 and 10.
5
Calculate the highest common factor of 22 and 36663363.
11
What is the highest common factor of 1174 and 20478082?
1174
Calculate the greatest common divisor of 10317 and 10917196.
181
Calculate the greatest common divisor of 17076 and 31452.
12
Calculate the highest common factor of 28 and 9023812.
28
Calculate the highest common factor of 218 and 39107347.
109
Calculate the greatest common factor of 144818141 and 52.
13
What is the highest common divisor of 8020160 and 136964?
1412
What is the highest common factor of 24 and 226714776?
24
What is the highest common factor of 2640 and 27652080?
240
What is the highest common divisor of 240 and 25181160?
120
Calculate the highest common factor of 154840443 and 8835.
1767
Calculate the highest common factor of 38540 and 395.
5
What is the highest common divisor of 3232 and 1744056688?
1616
What is the greatest common factor of 4858 and 1156099553?
2429
What is the highest common divisor of 818616 and 29394?
138
Calculate the highest common factor of 3462 and 14926413.
1731
What is the highest common factor of 1508 and 41793089?
377
Calculate the highest common divisor of 425880 and 907920.
4680
What is the highest common divisor of 157071310 and 20?
10
What is the highest common factor of 481072 and 221147?
281
Calculate the greatest common factor of 71507 and 628567.
23
What is the greatest common factor of 10296728 and 152?
8
Calculate the highest common factor of 1546575 and 425.
425
What is the highest common divisor of 15359152 and 64?
16
Calculate the highest common factor of 78414608 and 1044.
116
Calculate the greatest common factor of 7063160 and 310388.
2444
What is the greatest common factor of 33527 and 116051?
13
Calculate the highest common factor of 3841 and 713.
23
What is the greatest common divisor of 1659443342 and 326?
326
Calculate the greatest common divisor of 3471 and 2652912.
267
What is the highest common divisor of 4500 and 2034500?
500
What is the highest common divisor of 200 and 9715192?
8
What is the greatest common factor of 148 and 15065956?
148
What is the greatest common factor of 3090 and 8708650?
1030
What is the highest common factor of 6848010 and 39?
39
What is the highest common divisor of 3791150 and 1847550?
5650
What is the highest common divisor of 83147000 and 1752?
584
Calculate the greatest common factor of 18193 and 19775.
791
Calculate the highest common factor of 22587126 and 3999.
129
Calculate the highest common divisor of 9078604 and 11359.
307
What is the greatest common divisor of 6587928 and 144?
72
What is the greatest common divisor of 83590 and 15938?
26
Calculate the greatest common factor of 11631343 and 16130.
1613
Calculate the highest common divisor of 938378 and 2240.
14
Calculate the greatest common factor of 35868 and 1735572.
732
What is the greatest common factor of 238920 and 32208?
264
Calculate the highest common divisor of 3549 and 293531199.
507
What is the greatest common factor of 125973 and 21852?
9
Calculate the greatest common factor of 76314 and 684066.
138
Calculate the greatest common divisor of 275196061 and 14.
7
Calculate the greatest common divisor of 9032992 and 800.
32
What is the greatest common divisor of 298535090 and 97790?
8890
What is the highest common divisor of 4793563 and 61?
61
What is the highest common factor of 39207 and 256620?
21
What is the highest common factor of 33722560 and 640?
320
Calculate the greatest common divisor of 943254 and 20462.
26
Calculate the highest common factor of 272950 and 4876.
106
Calculate the greatest common divisor of 2368 and 118509224.
296
What is the greatest common factor of 108234574 and 1946?
1946
Calculate the greatest common divisor of 1615 and 35220226.
17
What is the greatest common factor of 13092908 and 1000375?
8003
What is the highest common divisor of 5545341 and 110385?
2007
What is the highest common divisor of 1585573 and 1309?
187
What is the greatest common factor of 5587203 and 773043?
4629
What is the highest common divisor of 1079 and 422981?
13
What is the greatest common divisor of 3014 and 699402?
22
Calculate the highest common divisor of 176 and 449848432.
176
Calculate the highest common divisor of 133623 and 4873149.
2727
Calculate the highest common factor of 1087684 and 222404.
676
What is the highest common divisor of 296286 and 101022?
678
What is the greatest common divisor of 218497 and 1652846?
151
What is the highest common factor of 940008 and 6284456?
5912
What is the greatest common divisor of 2435314092 and 348?
348
Calculate the highest common divisor of 335961500 and 175.
175
Calculate the highest common factor of 2016 and 5243706.
18
Calculate the greatest common divisor of 8657 and 283503.
11
Calculate the highest common divisor of 35 and 278406254.
7
What is the greatest common factor of 142768110 and 30?
30
What is the highest common divisor of 204 and 20924994?
102
Calculate the greatest common factor of 927 and 237261.
3
What is the greatest common factor of 69 and 42119026?
23
What is the greatest common factor of 8380 and 608515?
5
What is the greatest common factor of 112938900 and 150?
150
Calculate the greatest common factor of 29 and 188855598.
29
Calculate the highest common factor of 2180 and 6889018.
218
Calculate the greatest common factor of 214277 and 29939.
49
What is the highest common factor of 170 and 136734570?
170
What is the greatest common factor of 24507 and 2354877?
63
What is the greatest common divisor of 10615 and 7590?
55
Calculate the greatest common divisor of 3512359 and 304.
19
Calculate the highest common divisor of 32538 and 1825086.
2958
Calculate the greatest common factor of 87763 and 19430320.
2041
Calculate the highest common factor of 786 and 7491628.
262
What is the highest common factor of 11746179 and 9?
9
Calculate the greatest common factor of 46074602 and 98.
98
Calculate the highest common divisor of 286 and 23787478.
286
What is the greatest common factor of 38058163 and 126984?
5291
What is the highest common factor of 4173690 and 1335?
15
What is the greatest common factor of 310056325 and 25?
25
What is the greatest comm